tors of 217.
7, 31
What are the prime factors of 46242?
2, 3, 7, 367
List the prime factors of 3726.
2, 3, 23
List the prime factors of 909.
3, 101
List the prime factors of 11352.
2, 3, 11, 43
What are the prime factors of 387?
3, 43
List the prime factors of 2358.
2, 3, 131
List the prime factors of 63585.
3, 5, 157
List the prime factors of 260.
2, 5, 13
List the prime factors of 938.
2, 7, 67
What are the prime factors of 63514?
2, 11, 2887
What are the prime factors of 13022?
2, 17, 383
List the prime factors of 1301.
1301
What are the prime factors of 7526?
2, 53, 71
List the prime factors of 498.
2, 3, 83
List the prime factors of 1850.
2, 5, 37
What are the prime factors of 4064?
2, 127
What are the prime factors of 8193?
3, 2731
List the prime factors of 76168.
2, 9521
List the prime factors of 40466.
2, 20233
List the prime factors of 3181.
3181
What are the prime factors of 15028?
2, 13, 17
List the prime factors of 44196.
2, 3, 29, 127
What are the prime factors of 1786?
2, 19, 47
List the prime factors of 104.
2, 13
List the prime factors of 11082.
2, 3, 1847
List the prime factors of 319.
11, 29
List the prime factors of 923.
13, 71
What are the prime factors of 1291?
1291
What are the prime factors of 277?
277
What are the prime factors of 1268?
2, 317
List the prime factors of 998.
2, 499
What are the prime factors of 2449?
31, 79
What are the prime factors of 56010?
2, 3, 5, 1867
What are the prime factors of 20817?
3, 257
List the prime factors of 58535.
5, 23, 509
What are the prime factors of 167946?
2, 3, 23, 1217
List the prime factors of 1342.
2, 11, 61
List the prime factors of 6081.
3, 2027
What are the prime factors of 2311?
2311
What are the prime factors of 675?
3, 5
List the prime factors of 16346.
2, 11, 743
List the prime factors of 7833.
3, 7, 373
List the prime factors of 147818.
2, 11, 6719
List the prime factors of 6010.
2, 5, 601
List the prime factors of 34018.
2, 73, 233
List the prime factors of 1249.
1249
What are the prime factors of 2429?
7, 347
List the prime factors of 28477.
28477
What are the prime factors of 6479?
11, 19, 31
List the prime factors of 142878.
2, 3, 23813
List the prime factors of 1694.
2, 7, 11
List the prime factors of 33257.
7, 4751
List the prime factors of 31878.
2, 3, 7, 11, 23
List the prime factors of 2127.
3, 709
List the prime factors of 28605.
3, 5, 1907
List the prime factors of 28936.
2, 3617
List the prime factors of 963.
3, 107
List the prime factors of 406.
2, 7, 29
List the prime factors of 5465.
5, 1093
List the prime factors of 4389.
3, 7, 11, 19
List the prime factors of 18019.
37, 487
List the prime factors of 2985.
3, 5, 199
List the prime factors of 3824.
2, 239
What are the prime factors of 203?
7, 29
What are the prime factors of 104455?
5, 13, 1607
List the prime factors of 61808.
2, 3863
What are the prime factors of 5567?
19, 293
List the prime factors of 190828.
2, 11, 4337
List the prime factors of 735.
3, 5, 7
What are the prime factors of 1242?
2, 3, 23
List the prime factors of 54889.
131, 419
List the prime factors of 4330.
2, 5, 433
What are the prime factors of 73110?
2, 3, 5, 2437
List the prime factors of 8490.
2, 3, 5, 283
List the prime factors of 2354.
2, 11, 107
What are the prime factors of 4083?
3, 1361
What are the prime factors of 30918?
2, 3, 5153
List the prime factors of 2030.
2, 5, 7, 29
What are the prime factors of 73958?
2, 36979
List the prime factors of 125721.
3, 61, 229
What are the prime factors of 2616?
2, 3, 109
What are the prime factors of 166?
2, 83
List the prime factors of 3264.
2, 3, 17
List the prime factors of 631.
631
List the prime factors of 3017.
7, 431
What are the prime factors of 52462?
2, 17, 1543
What are the prime factors of 5979?
3, 1993
What are the prime factors of 1480?
2, 5, 37
What are the prime factors of 820?
2, 5, 41
What are the prime factors of 50429?
211, 239
List the prime factors of 354.
2, 3, 59
List the prime factors of 23677.
23677
What are the prime factors of 85759?
191, 449
List the prime factors of 44847.
3, 11, 151
What are the prime factors of 109822?
2, 43, 1277
List the prime factors of 4634.
2, 7, 331
List the prime factors of 7663.
79, 97
What are the prime factors of 534?
2, 3, 89
What are the prime factors of 9334?
2, 13, 359
What are the prime factors of 2615?
5, 523
List the prime factors of 70515.
3, 5, 1567
What are the prime factors of 7075?
5, 283
List the prime factors of 63246.
2, 3, 83, 127
List the prime factors of 1601.
1601
List the prime factors of 1817.
23, 79
List the prime factors of 1030.
2, 5, 103
What are the prime factors of 17727?
3, 19, 311
What are the prime factors of 44984?
2, 5623
List the prime factors of 9936.
2, 3, 23
List the prime factors of 53.
53
List the prime factors of 2196.
2, 3, 61
List the prime factors of 86099.
13, 37, 179
What are the prime factors of 6041?
7, 863
What are the prime factors of 773?
773
What are the prime factors of 5778?
2, 3, 107
What are the prime factors of 5448?
2, 3, 227
What are the prime factors of 22411?
73, 307
List the prime factors of 1254.
2, 3, 11, 19
What are the prime factors of 389?
389
List the prime factors of 905.
5, 181
What are the prime factors of 637?
7, 13
List the prime factors of 978.
2, 3, 163
What are the prime factors of 16853?
19, 887
List the prime factors of 3794.
2, 7, 271
What are the prime factors of 29978?
2, 13, 1153
What are the prime factors of 711?
3, 79
List the prime factors of 1883.
7, 269
What are the prime factors of 1523?
1523
What are the prime factors of 42623?
7, 6089
List the prime factors of 14203.
7, 2029
List the prime factors of 508.
2, 127
List the prime factors of 1318.
2, 659
List the prime factors of 20230.
2, 5, 7, 17
List the prime factors of 591.
3, 197
What are the prime factors of 4645?
5, 929
What are the prime factors of 37458?
2, 3, 2081
What are the prime factors of 1738?
2, 11, 79
List the prime factors of 150.
2, 3, 5
What are the prime factors of 1536?
2, 3
List the prime factors of 483.
3, 7, 23
List the prime factors of 1110.
2, 3, 5, 37
List the prime factors of 2108.
2, 17, 31
What are the prime factors of 52411?
17, 3083
What are the prime factors of 1323?
3, 7
What are the prime factors of 75778?
2, 37889
List the prime factors of 2910.
2, 3, 5, 97
List the prime factors of 1534.
2, 13, 59
List the prime factors of 47395.
5, 9479
List the prime factors of 21998.
2, 17, 647
List the prime factors of 8427.
3, 53
List the prime factors of 24984.
2, 3, 347
What are the prime factors of 31335?
3, 5, 2089
List the prime factors of 123.
3, 41
List the prime factors of 2317.
7, 331
List the prime factors of 85635.
3, 5, 11, 173
List the prime factors of 1831.
1831
List the prime factors of 3498.
2, 3, 11, 53
List the prime factors of 35466.
2, 3, 23, 257
List the prime factors of 50187.
3, 16729
List the prime factors of 294.
2, 3, 7
What are the prime factors of 14553?
3, 7, 11
List the prime factors of 641.
641
List the prime factors of 26069.
131, 199
What are the prime factors of 8826?
2, 3, 1471
List the prime factors of 11923.
11923
List the prime factors of 5242.
2, 2621
What are the prime factors of 125335?
5, 7, 3581
What are the prime factors of 602?
2, 7, 43
List the prime factors of 1043.
7, 149
List the prime factors of 584.
2, 73
What are the prime factors of 5089?
7, 727
List the prime factors of 15725.
5, 17, 37
What are the prime factors of 127?
127
What are the prime factors of 1374?
2, 3, 229
What are the prime factors of 606?
2, 3, 101
What are the prime factors of 1045?
5, 11, 19
What are the prime factors of 1501?
19, 79
What are the prime factors of 115?
5, 23
What are the prime factors of 96807?
3, 23, 61
List the prime factors of 10860.
2, 3, 5, 181
List the prime factors of 15894.
2, 3, 883
What are the prime factors of 60345?
3, 5, 149
What are the prime factors of 1195?
5, 239
What are the prime factors of 488?
2, 61
What are the prime factors of 4570?
2, 5, 457
What are the prime factors of 11358?
2, 3, 631
What are the prime factors of 217?
7, 31
What are the prime factors of 15605?
5, 3121
What are the prime factors of 1748?
2, 19, 23
What are the prime factors of 49922?
2, 109, 229
List the prime factors of 78555.
3,